{"id":53,"date":"2017-11-26T12:37:35","date_gmt":"2017-11-26T11:37:35","guid":{"rendered":"https:\/\/naturfotomp.wordpress.com\/?page_id=53"},"modified":"2018-01-02T15:48:29","modified_gmt":"2018-01-02T14:48:29","slug":"der-fotograf","status":"publish","type":"page","link":"https:\/\/dia-geschichten.de\/?page_id=53","title":{"rendered":"Der Fotograf"},"content":{"rendered":"<p><strong>Mein fotografischer Werdegang<\/strong><\/p>\n<p>Ich wurde Ende der Sechziger Jahre in Wiesbaden geboren. Seit vielen Jahren lebe ich mit meiner Frau in Heidelberg.<\/p>\n<p>Die Fotografie begeistert mich seit meinem 12. Lebensjahr. Fr\u00fch habe ich mich f\u00fcr die Landschaftsfotografie begeistert, dazu kam die Dokumentation diverser famili\u00e4rer Ereignisse.<\/p>\n<p>Nach ein paar Jahren der fotografischen Abstinenz begann dann meine &#8222;bewu\u00dfte&#8220; Auseinandersetzung mit dem Medium Fotografie.<\/p>\n<p>Viele Jahre war die Reportage- und Street-Fotografie mein Schwerpunkt. &#8222;Analog&#8220; und bevorzugt in Schwarz-Weiss. Die Ausarbeitung in der eigenen Dunkelkammer eine selbstverst\u00e4ndliche Notwendigkeit, um den gew\u00fcnschten Ausdruck zu erzielen.<\/p>\n<p>Dann kehrte meine Begeisterung f\u00fcr die Landschaftsfotografie zur\u00fcck und es kam auch die Tierfotografie hinzu, so da\u00df heute die Naturfotografie neben Reportage-Themen meinen Schwerpunkt bildet.<\/p>\n<p>Beide fotografische Genre kann ich in idealer Weise in meinen Multivisionsprojekten verbinden.<\/p>\n<p>&nbsp;<\/p>\n","protected":false},"excerpt":{"rendered":"<p>Mein fotografischer Werdegang Ich wurde Ende der Sechziger Jahre in Wiesbaden geboren. Seit vielen Jahren lebe ich mit meiner Frau in Heidelberg. Die Fotografie begeistert mich seit meinem 12. Lebensjahr. Fr\u00fch habe ich mich f\u00fcr die Landschaftsfotografie begeistert, dazu kam die Dokumentation diverser famili\u00e4rer Ereignisse. Nach ein paar Jahren der fotografischen Abstinenz begann dann meine [&hellip;]<\/p>\n","protected":false},"author":1,"featured_media":0,"parent":0,"menu_order":0,"comment_status":"closed","ping_status":"closed","template":"","meta":[],"jetpack_shortlink":"https:\/\/wp.me\/P9wkzc-R","jetpack_likes_enabled":true,"_links":{"self":[{"href":"https:\/\/dia-geschichten.de\/index.php?rest_route=\/wp\/v2\/pages\/53"}],"collection":[{"href":"https:\/\/dia-geschichten.de\/index.php?rest_route=\/wp\/v2\/pages"}],"about":[{"href":"https:\/\/dia-geschichten.de\/index.php?rest_route=\/wp\/v2\/types\/page"}],"author":[{"embeddable":true,"href":"https:\/\/dia-geschichten.de\/index.php?rest_route=\/wp\/v2\/users\/1"}],"replies":[{"embeddable":true,"href":"https:\/\/dia-geschichten.de\/index.php?rest_route=%2Fwp%2Fv2%2Fcomments&post=53"}],"version-history":[{"count":5,"href":"https:\/\/dia-geschichten.de\/index.php?rest_route=\/wp\/v2\/pages\/53\/revisions"}],"predecessor-version":[{"id":223,"href":"https:\/\/dia-geschichten.de\/index.php?rest_route=\/wp\/v2\/pages\/53\/revisions\/223"}],"wp:attachment":[{"href":"https:\/\/dia-geschichten.de\/index.php?rest_route=%2Fwp%2Fv2%2Fmedia&parent=53"}],"curies":[{"name":"wp","href":"https:\/\/api.w.org\/{rel}","templated":true}]}}

<p><strong>Mein fotografischer Werdegang</strong></p>
<p>Ich wurde Ende der Sechziger Jahre in Wiesbaden geboren. Seit vielen Jahren lebe ich mit meiner Frau in Heidelberg.</p>
<p>Die Fotografie begeistert mich seit meinem 12. Lebensjahr. Früh habe ich mich für die Landschaftsfotografie begeistert, dazu kam die Dokumentation diverser familiärer Ereignisse.</p>
<p>Nach ein paar Jahren der fotografischen Abstinenz begann dann meine &#8222;bewußte&#8220; Auseinandersetzung mit dem Medium Fotografie.</p>
<p>Viele Jahre war die Reportage- und Street-Fotografie mein Schwerpunkt. &#8222;Analog&#8220; und bevorzugt in Schwarz-Weiss. Die Ausarbeitung in der eigenen Dunkelkammer eine selbstverständliche Notwendigkeit, um den gewünschten Ausdruck zu erzielen.</p>
<p>Dann kehrte meine Begeisterung für die Landschaftsfotografie zurück und es kam auch die Tierfotografie hinzu, so daß heute die Naturfotografie neben Reportage-Themen meinen Schwerpunkt bildet.</p>
<p>Beide fotografische Genre kann ich in idealer Weise in meinen Multivisionsprojekten verbinden.</p>
<p>&nbsp;</p>

<p>Mein fotografischer Werdegang Ich wurde Ende der Sechziger Jahre in Wiesbaden geboren. Seit vielen Jahren lebe ich mit meiner Frau in Heidelberg. Die Fotografie begeistert mich seit meinem 12. Lebensjahr. Früh habe ich mich für die Landschaftsfotografie begeistert, dazu kam die Dokumentation diverser familiärer Ereignisse. Nach ein paar Jahren der fotografischen Abstinenz begann dann meine [&hellip;]</p>
