{"id":160,"date":"2018-01-07T11:59:42","date_gmt":"2018-01-07T10:59:42","guid":{"rendered":"http:\/\/dia-geschichten.de\/?page_id=160"},"modified":"2018-01-07T15:24:17","modified_gmt":"2018-01-07T14:24:17","slug":"dia-multivision-usa-mythos-westen","status":"publish","type":"page","link":"https:\/\/dia-geschichten.de\/?page_id=160","title":{"rendered":"Dia-Multivision &#8222;USA &#8211; Mythos Westen&#8220;"},"content":{"rendered":"<p>USA \u2013 Mythos Westen. Am Anfang stand der Kindheitstraum von Cowboys und Indianern. Vor einigen Jahren hat Michael P\u00fchlh\u00f6fer seine Begeisterung f\u00fcr den Wilden Westen wieder entdeckt. Nach einem eher zuf\u00e4lligen Besuch in einem Westernverein seiner Nachbarschaft entstand die Idee, dem Mythos Westen fotojournalistisch nachzusp\u00fcren. Gemeinsam mit seiner Frau Anja Habermann bereiste er in den letzten Jahren den kompletten amerikanischen Westen. Ihre Reiseroute f\u00fchrte Sie durch die gro\u00dfen Ebenen des Mittleren Westens, \u00fcber die vielgestaltige Gebirgskette der Rocky Mountains bis in den pazifischen Nordwesten sowie nach Kalifornien. Sie folgten dabei den klassischen Routen des Oregon Trail, des Mormon Trail und des California Trail. Auf ihrem Weg unternahmen sie ausgiebige Abstecher in die beeindruckenden Nationalparks des Westens, welche die ersten Nationalparks der Welt waren.<\/p>\n<p>Aus den Erlebnissen vieler Reisen ist eine einzigartige Dia-Multivision entstanden, die den Besucher mit einer abwechslungsreichen Mischung aus beeindruckenden Bildern der grandiosen Landschaften, ebenso wie einer Vielzahl von pers\u00f6nlichen wie historischen Geschichten unterh\u00e4lt. Immer wieder waren es jedoch die Menschen, denen die beiden Fotografen begegnet sind, die \u00dcberraschungen und Kuriosit\u00e4ten bereithielten.<\/p>\n<p>Die Bilder sind mit einf\u00fchlsamer Musik, Originalger\u00e4uschen, Literaturzitaten und Interviews zu einer Gesamtkomposition abgestimmt und mit einem humorvollen, informativen und pers\u00f6nlichen Kommentar versehen.<\/p>\n<p><img data-attachment-id=\"258\" data-permalink=\"https:\/\/dia-geschichten.de\/?attachment_id=258#main\" data-orig-file=\"https:\/\/i0.wp.com\/dia-geschichten.de\/wp-content\/uploads\/2018\/01\/USA-Plakat_V5_web.jpg?fit=240%2C339&amp;ssl=1\" data-orig-size=\"240,339\" data-comments-opened=\"0\" data-image-meta=\"{&quot;aperture&quot;:&quot;0&quot;,&quot;credit&quot;:&quot;&quot;,&quot;camera&quot;:&quot;&quot;,&quot;caption&quot;:&quot;&quot;,&quot;created_timestamp&quot;:&quot;0&quot;,&quot;copyright&quot;:&quot;&quot;,&quot;focal_length&quot;:&quot;0&quot;,&quot;iso&quot;:&quot;0&quot;,&quot;shutter_speed&quot;:&quot;0&quot;,&quot;title&quot;:&quot;&quot;,&quot;orientation&quot;:&quot;0&quot;}\" data-image-title=\"USA-Plakat_V5_web\" data-image-description=\"\" data-image-caption=\"\" data-medium-file=\"https:\/\/i0.wp.com\/dia-geschichten.de\/wp-content\/uploads\/2018\/01\/USA-Plakat_V5_web.jpg?fit=212%2C300&amp;ssl=1\" data-large-file=\"https:\/\/i0.wp.com\/dia-geschichten.de\/wp-content\/uploads\/2018\/01\/USA-Plakat_V5_web.jpg?fit=240%2C339&amp;ssl=1\" decoding=\"async\" loading=\"lazy\" class=\"alignnone size-medium wp-image-258\" src=\"https:\/\/i0.wp.com\/dia-geschichten.de\/wp-content\/uploads\/2018\/01\/USA-Plakat_V5_web-212x300.jpg?resize=212%2C300\" alt=\"\" width=\"212\" height=\"300\" srcset=\"https:\/\/i0.wp.com\/dia-geschichten.de\/wp-content\/uploads\/2018\/01\/USA-Plakat_V5_web.jpg?resize=212%2C300&amp;ssl=1 212w, https:\/\/i0.wp.com\/dia-geschichten.de\/wp-content\/uploads\/2018\/01\/USA-Plakat_V5_web.jpg?w=240&amp;ssl=1 240w\" sizes=\"(max-width: 212px) 100vw, 212px\" data-recalc-dims=\"1\" \/><\/p>\n<p>Die Dia-Multivision beinhaltet u.a. folgende Orte und Themen:<\/p>\n<ul>\n<li>Mythos Westen in Deutschland \u2013 Zu Gast bei einem deutschen Westernverein.<\/li>\n<li>Mythos der &#8217;49er \u2013 Auf den Spuren des Goldrausch in Kalifornien.<\/li>\n<li>Omaha \u2013 Startpunkt auf dem Weg nach Westen<\/li>\n<li>Nebraska \u2013 Durch das Land der weiten Ebenen bis zu den Rocky Mountains.<\/li>\n<li>Denver \u2013 Die \u201eMile High City\u201c, das Tor zu den Rockies.<\/li>\n<li>Rocky Mountain National Park<\/li>\n<li>Mormon Trail \u2013 Auf dem Weg ins Gelobte Land.<\/li>\n<li>Transkontinentale Eisenbahn \u2013 Der Westen r\u00fcckt n\u00e4her.<\/li>\n<li>Pine Ridge und Crow Fair &#8211; Zu Gast bei Indianern.<\/li>\n<li>Yellowstone und Grand Tetons \u2013 Naturwunder im \u00e4ltesten Nationalpark der Welt.<\/li>\n<li>EBR-I \u2013 Der erste Atomreaktor im Land der Kartoffeln.<\/li>\n<li>Oregon &#8211; Auf dem Oregon Trail zum Pazifik<\/li>\n<li>Tam\u00e1stslikt Cultural Institute \u2013 Die Sicht der Indianer, aus erster Hand.<\/li>\n<li>Seattle \u2013 Geschichtstr\u00e4chtige Metropole im pazifischen Nordwesten<\/li>\n<li>Chief Seattle &#8211;\u00a0 Weise Worte auf dem Weg in die Zukunft.<\/li>\n<\/ul>\n<p>Gesamtdauer der Dia-Multivision: ca. 100 min.<\/p>\n<p>M\u00f6chten Sie eine meiner Dia-Multivisionen veranstalten? Bitte nehmen Sie per <a href=\"http:\/\/dia-geschichten.de\/?page_id=251\">email Kontakt<\/a> mit mir auf.<\/p>\n","protected":false},"excerpt":{"rendered":"<p>USA \u2013 Mythos Westen. Am Anfang stand der Kindheitstraum von Cowboys und Indianern. Vor einigen Jahren hat Michael P\u00fchlh\u00f6fer seine Begeisterung f\u00fcr den Wilden Westen wieder entdeckt. Nach einem eher zuf\u00e4lligen Besuch in einem Westernverein seiner Nachbarschaft entstand die Idee, dem Mythos Westen fotojournalistisch nachzusp\u00fcren. Gemeinsam mit seiner Frau Anja Habermann bereiste er in den [&hellip;]<\/p>\n","protected":false},"author":1,"featured_media":0,"parent":0,"menu_order":0,"comment_status":"closed","ping_status":"closed","template":"nosidebar-page.php","meta":[],"jetpack_shortlink":"https:\/\/wp.me\/P9wkzc-2A","jetpack_likes_enabled":true,"_links":{"self":[{"href":"https:\/\/dia-geschichten.de\/index.php?rest_route=\/wp\/v2\/pages\/160"}],"collection":[{"href":"https:\/\/dia-geschichten.de\/index.php?rest_route=\/wp\/v2\/pages"}],"about":[{"href":"https:\/\/dia-geschichten.de\/index.php?rest_route=\/wp\/v2\/types\/page"}],"author":[{"embeddable":true,"href":"https:\/\/dia-geschichten.de\/index.php?rest_route=\/wp\/v2\/users\/1"}],"replies":[{"embeddable":true,"href":"https:\/\/dia-geschichten.de\/index.php?rest_route=%2Fwp%2Fv2%2Fcomments&post=160"}],"version-history":[{"count":5,"href":"https:\/\/dia-geschichten.de\/index.php?rest_route=\/wp\/v2\/pages\/160\/revisions"}],"predecessor-version":[{"id":349,"href":"https:\/\/dia-geschichten.de\/index.php?rest_route=\/wp\/v2\/pages\/160\/revisions\/349"}],"wp:attachment":[{"href":"https:\/\/dia-geschichten.de\/index.php?rest_route=%2Fwp%2Fv2%2Fmedia&parent=160"}],"curies":[{"name":"wp","href":"https:\/\/api.w.org\/{rel}","templated":true}]}}

<p>USA – Mythos Westen. Am Anfang stand der Kindheitstraum von Cowboys und Indianern. Vor einigen Jahren hat Michael Pühlhöfer seine Begeisterung für den Wilden Westen wieder entdeckt. Nach einem eher zufälligen Besuch in einem Westernverein seiner Nachbarschaft entstand die Idee, dem Mythos Westen fotojournalistisch nachzuspüren. Gemeinsam mit seiner Frau Anja Habermann bereiste er in den letzten Jahren den kompletten amerikanischen Westen. Ihre Reiseroute führte Sie durch die großen Ebenen des Mittleren Westens, über die vielgestaltige Gebirgskette der Rocky Mountains bis in den pazifischen Nordwesten sowie nach Kalifornien. Sie folgten dabei den klassischen Routen des Oregon Trail, des Mormon Trail und des California Trail. Auf ihrem Weg unternahmen sie ausgiebige Abstecher in die beeindruckenden Nationalparks des Westens, welche die ersten Nationalparks der Welt waren.</p>
<p>Aus den Erlebnissen vieler Reisen ist eine einzigartige Dia-Multivision entstanden, die den Besucher mit einer abwechslungsreichen Mischung aus beeindruckenden Bildern der grandiosen Landschaften, ebenso wie einer Vielzahl von persönlichen wie historischen Geschichten unterhält. Immer wieder waren es jedoch die Menschen, denen die beiden Fotografen begegnet sind, die Überraschungen und Kuriositäten bereithielten.</p>
<p>Die Bilder sind mit einfühlsamer Musik, Originalgeräuschen, Literaturzitaten und Interviews zu einer Gesamtkomposition abgestimmt und mit einem humorvollen, informativen und persönlichen Kommentar versehen.</p>
<p><img data-attachment-id="258" data-permalink="https://dia-geschichten.de/?attachment_id=258#main" data-orig-file="https://i0.wp.com/dia-geschichten.de/wp-content/uploads/2018/01/USA-Plakat_V5_web.jpg?fit=240%2C339&amp;ssl=1" data-orig-size="240,339" data-comments-opened="0" data-image-meta="{&quot;aperture&quot;:&quot;0&quot;,&quot;credit&quot;:&quot;&quot;,&quot;camera&quot;:&quot;&quot;,&quot;caption&quot;:&quot;&quot;,&quot;created_timestamp&quot;:&quot;0&quot;,&quot;copyright&quot;:&quot;&quot;,&quot;focal_length&quot;:&quot;0&quot;,&quot;iso&quot;:&quot;0&quot;,&quot;shutter_speed&quot;:&quot;0&quot;,&quot;title&quot;:&quot;&quot;,&quot;orientation&quot;:&quot;0&quot;}" data-image-title="USA-Plakat_V5_web" data-image-description="" data-image-caption="" data-medium-file="https://i0.wp.com/dia-geschichten.de/wp-content/uploads/2018/01/USA-Plakat_V5_web.jpg?fit=212%2C300&amp;ssl=1" data-large-file="https://i0.wp.com/dia-geschichten.de/wp-content/uploads/2018/01/USA-Plakat_V5_web.jpg?fit=240%2C339&amp;ssl=1" decoding="async" loading="lazy" class="alignnone size-medium wp-image-258" src="https://i0.wp.com/dia-geschichten.de/wp-content/uploads/2018/01/USA-Plakat_V5_web-212x300.jpg?resize=212%2C300" alt="" width="212" height="300" srcset="https://i0.wp.com/dia-geschichten.de/wp-content/uploads/2018/01/USA-Plakat_V5_web.jpg?resize=212%2C300&amp;ssl=1 212w, https://i0.wp.com/dia-geschichten.de/wp-content/uploads/2018/01/USA-Plakat_V5_web.jpg?w=240&amp;ssl=1 240w" sizes="(max-width: 212px) 100vw, 212px" data-recalc-dims="1" /></p>
<p>Die Dia-Multivision beinhaltet u.a. folgende Orte und Themen:</p>
<ul>
<li>Mythos Westen in Deutschland – Zu Gast bei einem deutschen Westernverein.</li>
<li>Mythos der &#8217;49er – Auf den Spuren des Goldrausch in Kalifornien.</li>
<li>Omaha – Startpunkt auf dem Weg nach Westen</li>
<li>Nebraska – Durch das Land der weiten Ebenen bis zu den Rocky Mountains.</li>
<li>Denver – Die „Mile High City“, das Tor zu den Rockies.</li>
<li>Rocky Mountain National Park</li>
<li>Mormon Trail – Auf dem Weg ins Gelobte Land.</li>
<li>Transkontinentale Eisenbahn – Der Westen rückt näher.</li>
<li>Pine Ridge und Crow Fair &#8211; Zu Gast bei Indianern.</li>
<li>Yellowstone und Grand Tetons – Naturwunder im ältesten Nationalpark der Welt.</li>
<li>EBR-I – Der erste Atomreaktor im Land der Kartoffeln.</li>
<li>Oregon &#8211; Auf dem Oregon Trail zum Pazifik</li>
<li>Tamástslikt Cultural Institute – Die Sicht der Indianer, aus erster Hand.</li>
<li>Seattle – Geschichtsträchtige Metropole im pazifischen Nordwesten</li>
<li>Chief Seattle &#8211;  Weise Worte auf dem Weg in die Zukunft.</li>
</ul>
<p>Gesamtdauer der Dia-Multivision: ca. 100 min.</p>
<p>Möchten Sie eine meiner Dia-Multivisionen veranstalten? Bitte nehmen Sie per <a href="http://dia-geschichten.de/?page_id=251">email Kontakt</a> mit mir auf.</p>

<p>USA – Mythos Westen. Am Anfang stand der Kindheitstraum von Cowboys und Indianern. Vor einigen Jahren hat Michael Pühlhöfer seine Begeisterung für den Wilden Westen wieder entdeckt. Nach einem eher zufälligen Besuch in einem Westernverein seiner Nachbarschaft entstand die Idee, dem Mythos Westen fotojournalistisch nachzuspüren. Gemeinsam mit seiner Frau Anja Habermann bereiste er in den [&hellip;]</p>
